rue
Let i(q) = q**3 + 56*q**2 - 84*q + 714. Is i(38) composite?
True
Is (((-417992)/(-6))/(-2))/(0 + 30/(-45)) composite?
False
Let v = 4423 - 1617. Suppose 4*w + 2*n = v, -5*w + 3214 + 286 = -5*n. Is w prime?
True
Let l(w) = w**2 + 11*w + 23185. Let z be l(0). Is z + ((-148)/(-185))/((-1)/(-5)) a prime number?
True
Let z(k) = 19351*k - 1573. Is z(2) prime?
False
Suppose 6*j - 31569 = -3*r + 8*j, 4*r = 2*j + 42092. Is r prime?
False
Let x(r) = 2848*r - 84. Let b be x(-5). Let i = -8079 - b. Is i a composite number?
True
Suppose -i + 4*i - 12 = 0. Suppose 0*u + 4*u + 12 = 0, -i*p - 2*u = 34. Let c(k) = -465*k - 4. Is c(p) prime?
True
Let v(q) = -q**2 - q - 1. Let y(o) = -17*o**2 + 5*o. Let m(n) = 3*v(n) - y(n). Is m(-7) composite?
False
Let t = 388 - -491. Let x be t/(-18) + (-1)/6. Let l = 80 + x. Is l composite?
False
Let d = 10362 - 6847. Let o = -2252 + d. Let y = o - 746. Is y prime?
False
Let n(u) = -u**2 - 8*u - 4. Let r be n(-7). Suppose -r*d = -l - 2277, -5*d + 0*l - 4*l + 3778 = 0. Let b = -381 + d. Is b composite?
True
Let u(p) be the second derivative of -p**5/20 - 5*p**4/12 - p**3 - p**2/2 - 2*p. Let y be u(-4). Let t(c) = 2*c**3 - 11*c**2 + 12*c - 16. Is t(y) composite?
True
Let v(z) = -z**3 + z**2 - 2*z + 6579. Suppose -3*w + 6*w = 2*w. Let t be v(w). Let c = t + -4526. Is c composite?
False
Let j = 7388 + -3597. Is j prime?
False
Let v be 58/(-261) - (-92)/9. Suppose -6*n - 7136 = -v*n + g, 5*n - 8935 = 5*g. Is n prime?
True
Is 1382214/(-4)*19/((-570)/20) a composite number?
False
Suppose 43*q - 500933 = 23735114. Is q prime?
False
Let f be (-4)/(-10) + 99/15 + -2. Let o(v) = 2*v**3 - 2*v**2 - 8*v + 12. Let n be o(f). Suppose -r + n = -t - 520, 3*t = 15. Is r a composite number?
True
Let l(i) = 67966*i - 1665. Is l(2) composite?
True
Let r = 126 + -121. Suppose 4*t = -r*f + 15604 + 3455, 4*f + 2*t - 15246 = 0. Is f a prime number?
False
Let h be 2 + -5*20/25. Let r(m) = -7131*m + 77. Is r(h) a composite number?
True
Suppose 1054*l = 1055*l - 6. Is l/(-6)*((-6672)/2 - 1) composite?
True
Let l(y) = -6*y**3 - 2*y**2 - 16*y + 323. Is l(-32) composite?
True
Let z(n) = 3 - 16 - n**3 + 10 + 2*n**2 + 10*n. Let f be z(-7). Is (f - 1) + (1 - -3) a prime number?
False
Is (-3)/7 + 7*(-8628316)/(-1666) composite?
True
Let w be (-21)/(-42)*(-652)/(-2) + 2. Is (312/5 - 1)*9075/w prime?
False
Suppose 5*z - 156706 - 30197 = -c, 2*z + 934569 = 5*c. Is c prime?
False
Let i = -74905 - -214842. Is i composite?
True
Let k(a) = 15*a**2 - 6*a + 61. Let s be k(-13). Suppose 36578 + s = 12*f. Is f a prime number?
True
Suppose 3*z + 7*u - 40968 = 2*u, -4*z + 4*u = -54592. Suppose -13*s - z = -38585. Suppose a = 2*p - a - s, 5*p = -3*a + 4795. Is p composite?
True
Let d be (-3)/2*((-20800)/(-24))/13. Is 479825/45 - (2 + d/45) prime?
True
Let i(p) = -529*p**3 + 21*p**2 + p - 31. Is i(-6) composite?
True
Let i(h) = h**2 - 7*h + 19. Let k be i(-8). Suppose k = -3*d - 551. Let w = 415 + d. Is w prime?
False
Let p = -138 - -248. Suppose -p = -7*l + 296. Is l composite?
True
Suppose 5*s + 0 + 5 = 0, -4*u = 4*s - 48. Suppose 5*j = -5*o + 26370, u*j - 14*j - 3*o = -5276. Is j composite?
False
Let j(o) = -25 + 3*o - 20*o**2 - 2*o**2 + 14*o + 318*o**3 - 319*o**3. Is j(-24) composite?
False
Let w(x) = -37*x**2 + 38*x**2 - 16 - 4035*x + 4036*x. Let d(h) = 2*h + 5. Let p be d(-5). Is w(p) a prime number?
False
Let t(s) = 335*s + 4. Let b(z) = 1007*z + 13. Let q(a) = -2*b(a) + 7*t(a). Let p be q(5). Let m = 492 + p. Is m a prime number?
False
Let k(t) = 104*t - 25 - 7*t - 6*t - 16*t + 103*t. Let q = -6 - -14. Is k(q) a prime number?
True
Let w = 89 + -62. Suppose 25*y - w*y - 24 = 0. Is 2*1 + 20 + y a prime number?
False
Is (9 - (-1310)/25)*5 a composite number?
False
Suppose 24 = 299*t - 291*t. Suppose -2*s - t*u = -100048 - 37355, s = -3*u + 68700. Is s a prime number?
False
Let w be 8/(((-4)/(-3))/(2179138/39)). Suppose w = 10*t + 86182. Is t composite?
False
Suppose 2055026 - 10013210 = -34*r + 18150722. Is r composite?
False
Suppose -4*o = -2*m - 20134 - 18300, 2*m + 48045 = 5*o. Let d = o - 5676. Is d a composite number?
True
Suppose -2*k - 172 = -h - 2*h, -h = 2*k + 164. Let s = k + 772. Is s prime?
False
Let q = 16188 - 6497. Suppose -5*j + u + 9688 = 0, -7*j + 12*j - q = 2*u. Is j a prime number?
False
Let k(d) be the first derivative of -59*d**4 + 5*d**3/3 + 9*d**2/2 + 4*d + 174. Is k(-2) composite?
True
Let u = -672 - -674. Suppose -5*h = -0*l + u*l - 34056, h = -2. Is l composite?
False
Suppose 3*t - 3*o = 21, 5*t - 7 = -5*o + 3*o. Suppose 2*a - 3787 + 991 = t*m, -3*a - 2*m + 4194 = 0. Suppose 0 = -5*z + 2447 + a. Is z a prime number?
True
Let c be (-26 - -531) + 2*1*-1. Let d = 1248 - c. Is d composite?
True
Suppose 8 + 10 = 2*g. Let c be (-2)/g + (-2)/(-9). Suppose c = -5*t - 5, -p - 4*p + 813 = 2*t. Is p composite?
False
Suppose 33 = 4*b - 3. Is ((-8193)/b)/((-3)/9) prime?
True
Suppose 93*b + 73*b - 2281006 = 8536716. Is b a prime number?
True
Let d be 0 + 2/(-2) + -5. Let l(j) = -j**3 + 6*j**2 + 4*j + 11. Let u(g) = -g**3 + g**2 - g - 1. Let p(k) = -l(k) + 2*u(k). Is p(d) composite?
True
Let u = -279 - -279. Suppose u = -2*s + 4*x + 646 + 656, 4*x - 16 = 0. Is s composite?
False
Let f(w) = 3709*w**2 + 4*w - 4. Let j be (-6)/(1 + -4)*(-1)/(-2). Is f(j) a prime number?
True
Is (-7623380)/(-26) - (-26)/(322 + 16) a composite number?
False
Suppose 9*y = 4*y - 89*y + 5270110. Is y a prime number?
False
Suppose 4*f = q - 11721, f + 16194 = -3*q + 51305. Is q a composite number?
True
Suppose -3*x + 520 = -965. Let s = -739 + x. Let u = -113 - s. Is u a composite number?
False
Let w(m) = -169*m**3 - 9*m**2 + 26*m + 191. Is w(-9) a composite number?
True
Let k = 411 - 608. Let o be (6*1)/(3/206). Let f = o + k. Is f a prime number?
False
Suppose 3*k - 11652 = 12699. Let v(j) = -28*j + 92. Let g be v(-27). Suppose -k = -5*d + g. Is d prime?
False
Suppose 11*m - 88 = -0*m. Let g(z) = 12*z**2 + 21*z + 5. Is g(m) a composite number?
False
Is (3/(-4) + (-34)/(-4) - 8)*-1933412 a prime number?
False
Is 8 - 6 - 265338/(-4) - 30/(-60) a prime number?
True
Let s be 18/8 + (-19)/76. Suppose -4*c = -s*r - r + 9, c + 3*r - 9 = 0. Suppose -5*o = 3*g - 9187, 2*o - 4*o - 2*g + 3678 = c. Is o a prime number?
False
Suppose -w - 2*m = -3 + 5, -3*m = 3*w. Is (10 - -2751)/(-1 + w) prime?
False
Suppose 15*g = 5*g + 220. Suppose -16 + g = -2*r. Is (-1318 - 1)/(r/(15/5)) composite?
False
Let a be 2*(-3 + 11)*-293. Let g be (a/10)/((-18)/45). Suppose 5*p - g = p. Is p composite?
False
Suppose 0 = -d + 4*b, 4*d - 3*d = 5*b - 1. Let r(f) = 3*f**2 - 1. Let g be r(-1). Suppose d = 3*l - g*l, 347 = i + 2*l. Is i a composite number?
True
Let p = -67 + -11. Let s = 327 + p. Is s a composite number?
True
Is 110/(-30) - 12076168/(-6) a composite number?
True
Let d = 199666 - 15839. Is d prime?
False
Let t = 93003 + -56674. Is t a prime number?
False
Let s(q) = 77*q - 23. Let a be s(4). Suppose -5*n = -6*n + t + a, 851 = 3*n - 4*t. Is n a prime number?
False
Suppose 20*v + 12 = 4*i + 16*v, 3 = 3*i - v. Suppose -15*s + 12*s - 5*a + 10229 = i, -2*s - 2*a = -6814. Is s prime?
False
Is (1 - 2)/(4/(-34316)) composite?
True
Let x(b) = -35*b - 166 + 4*b**2 + 80*b - 38*b. Is x(19) prime?
False
Suppose 0 = 12*i - 5*i - 10738. Is -3*(-7)/(42/i) a prime number?
False
Let n(z) = -z**2 + 4*z - 1. Let d be n(1). Suppose -2756 = -2*f - d*s - 462, -3*f = 5*s - 3437. Is f a composite number?
True
Suppose -4*i - 771235 = 4*h - 9*h, h = -4*i + 154223. Is h a prime number?
True
Let n = -71094 - -139313. Is n a composite number?
False
Let v(a) = 193*a - 6. Let q be 1/(4 - 177/45). Suppose -i = 5*l - q, 5*i - 4*l - 9 = 8. Is v(i) composite?
True
Let s be 6/36 + (-23)/(-6). Suppose 31*m = s*m + 642303. Is m a composite number?
False
Suppose 0 = -3*w - 4*j + 5*j + 26935, -4*w + j = -35912. Is w a composite number?
True
Let i = -21401 - -41726. Let m = i + -13042. Is m prime?
True
Let p(y) = -y**3 - 4*y**2 + y - 87. Let w be p(0). Let u = 99 + w. Is 11721*4/u - 0 prime?
True
Let m(u) = -5085*u - 116. Let h be m(-9). Is h/4 + (-3 - (-15)/4) a composite number?
True
Suppose -1020*d = -977*d - 12368735. Is d a composite number?
True
Is ((-39)/(-156))/((-2)/(-180328)) composite?
False
Let j(y) = 2583*y**3 - 10*y**2 - 5*